{"id":196,"date":"2019-01-28T20:50:54","date_gmt":"2019-01-28T19:50:54","guid":{"rendered":"https:\/\/uli-schwander.com\/wordpress\/?page_id=196"},"modified":"2019-04-12T15:36:31","modified_gmt":"2019-04-12T13:36:31","slug":"besse-auvergne-france-2014","status":"publish","type":"page","link":"https:\/\/uli-schwander.com\/wordpress\/index.php\/my-work\/recent-work\/besse-auvergne-france-2014\/","title":{"rendered":"Besse, Auvergne, France &#8211; July 2014"},"content":{"rendered":"\n<figure class=\"wp-block-image is-resized\"><img decoding=\"async\" loading=\"lazy\" src=\"https:\/\/uli-schwander.com\/wordpress\/wp-content\/uploads\/2019\/01\/2AUNDER-THE-MICROSCOPEBesse-Auvergne-France-2014-copia-2.jpg\" alt=\"\" class=\"wp-image-220\" width=\"858\" height=\"858\" srcset=\"https:\/\/uli-schwander.com\/wordpress\/wp-content\/uploads\/2019\/01\/2AUNDER-THE-MICROSCOPEBesse-Auvergne-France-2014-copia-2.jpg 768w, https:\/\/uli-schwander.com\/wordpress\/wp-content\/uploads\/2019\/01\/2AUNDER-THE-MICROSCOPEBesse-Auvergne-France-2014-copia-2-150x150.jpg 150w, https:\/\/uli-schwander.com\/wordpress\/wp-content\/uploads\/2019\/01\/2AUNDER-THE-MICROSCOPEBesse-Auvergne-France-2014-copia-2-300x300.jpg 300w\" sizes=\"(max-width: 858px) 100vw, 858px\" \/><figcaption>><strong>UNDER THE MICROSCOPE I&lt; red trachyt-andesite, 60cm x 60cm x 60cm, Couze Pavin, Besse<\/strong><\/figcaption><\/figure>\n\n\n\n<figure class=\"wp-block-image\"><img decoding=\"async\" loading=\"lazy\" width=\"1024\" height=\"768\" src=\"https:\/\/uli-schwander.com\/wordpress\/wp-content\/uploads\/2019\/01\/4c.-UNDER-THE-MICROSCOPE-2-1-1024x768.jpg\" alt=\"\" class=\"wp-image-221\" srcset=\"https:\/\/uli-schwander.com\/wordpress\/wp-content\/uploads\/2019\/01\/4c.-UNDER-THE-MICROSCOPE-2-1.jpg 1024w, https:\/\/uli-schwander.com\/wordpress\/wp-content\/uploads\/2019\/01\/4c.-UNDER-THE-MICROSCOPE-2-1-300x225.jpg 300w, https:\/\/uli-schwander.com\/wordpress\/wp-content\/uploads\/2019\/01\/4c.-UNDER-THE-MICROSCOPE-2-1-768x576.jpg 768w\" sizes=\"(max-width: 1024px) 100vw, 1024px\" \/><figcaption> &gt;<strong>UNDER THE MICROSCOPE II&lt; grey trachyt-andesite, 40cm x 120cm x 115cm<\/strong> <\/figcaption><\/figure>\n\n\n\n<p>\u00ab Diatom\u00e9es, cop\u00e9podes et daphn\u00e9s peuplent les eaux de la Couze Pavin et du lac Pavin. Ces organismes s\u2019acclimatent, s\u2019adaptent aux circonstances qui font leur environnement. Au plus proche de ce monde aquatique, les sculptures jouent avec les formes, les ombres et les reflets, en harmonie avec leur cadre naturel. \u00bb  \u00ab &#8230;Il voit son travail comme une fa\u00e7on de contribuer \u00e0 l\u2019art contemporain \u00e0 travers la sculpture, dans un contexte urbain ou naturel. Inspir\u00e9es par l\u2019esprit du lieu, ses \u0153uvres fonctionnent en synergie avec leur environnement. L\u2019observateur \u00e9tablit d\u00e8s lors un dialogue avec le min\u00e9ral, le v\u00e9g\u00e9tal et l\u2019animal, au plus proche de la nature, de l\u2019infiniment petit \u00e0 l\u2019infiniment grand. \u00bb (Mairie de Besse)<br><\/p>\n\n\n\n<figure class=\"wp-block-image\"><img decoding=\"async\" loading=\"lazy\" width=\"1024\" height=\"697\" src=\"https:\/\/uli-schwander.com\/wordpress\/wp-content\/uploads\/2019\/01\/2.3ASOUS-LE-MICROSCOPEtotal-viewBesseF-2014-1024x697.jpg\" alt=\"\" class=\"wp-image-229\" srcset=\"https:\/\/uli-schwander.com\/wordpress\/wp-content\/uploads\/2019\/01\/2.3ASOUS-LE-MICROSCOPEtotal-viewBesseF-2014-1024x697.jpg 1024w, https:\/\/uli-schwander.com\/wordpress\/wp-content\/uploads\/2019\/01\/2.3ASOUS-LE-MICROSCOPEtotal-viewBesseF-2014-300x204.jpg 300w, https:\/\/uli-schwander.com\/wordpress\/wp-content\/uploads\/2019\/01\/2.3ASOUS-LE-MICROSCOPEtotal-viewBesseF-2014-768x523.jpg 768w, https:\/\/uli-schwander.com\/wordpress\/wp-content\/uploads\/2019\/01\/2.3ASOUS-LE-MICROSCOPEtotal-viewBesseF-2014.jpg 1969w\" sizes=\"(max-width: 1024px) 100vw, 1024px\" \/><\/figure>\n","protected":false},"excerpt":{"rendered":"<p>\u00ab Diatom\u00e9es, cop\u00e9podes et daphn\u00e9s peuplent les eaux de la Couze Pavin et du lac Pavin. Ces organismes s\u2019acclimatent, s\u2019adaptent aux circonstances qui font leur environnement. Au plus proche de ce monde aquatique, les sculptures jouent avec les formes, les ombres et les reflets, en harmonie avec leur cadre naturel. \u00bb \u00ab &#8230;Il voit son &hellip;<\/p>\n<p class=\"read-more\"> <a class=\"\" href=\"https:\/\/uli-schwander.com\/wordpress\/index.php\/my-work\/recent-work\/besse-auvergne-france-2014\/\"> <span class=\"screen-reader-text\">Besse, Auvergne, France &#8211; July 2014<\/span> Weiterlesen &raquo;<\/a><\/p>\n","protected":false},"author":1,"featured_media":0,"parent":1249,"menu_order":20,"comment_status":"closed","ping_status":"closed","template":"","meta":{"site-sidebar-layout":"default","site-content-layout":"default","ast-site-content-layout":"","site-content-style":"default","site-sidebar-style":"default","ast-global-header-display":"","ast-banner-title-visibility":"","ast-main-header-display":"","ast-hfb-above-header-display":"","ast-hfb-below-header-display":"","ast-hfb-mobile-header-display":"","site-post-title":"","ast-breadcrumbs-content":"","ast-featured-img":"","footer-sml-layout":"","theme-transparent-header-meta":"default","adv-header-id-meta":"","stick-header-meta":"","header-above-stick-meta":"","header-main-stick-meta":"","header-below-stick-meta":"","astra-migrate-meta-layouts":"","footnotes":""},"_links":{"self":[{"href":"https:\/\/uli-schwander.com\/wordpress\/index.php\/wp-json\/wp\/v2\/pages\/196"}],"collection":[{"href":"https:\/\/uli-schwander.com\/wordpress\/index.php\/wp-json\/wp\/v2\/pages"}],"about":[{"href":"https:\/\/uli-schwander.com\/wordpress\/index.php\/wp-json\/wp\/v2\/types\/page"}],"author":[{"embeddable":true,"href":"https:\/\/uli-schwander.com\/wordpress\/index.php\/wp-json\/wp\/v2\/users\/1"}],"replies":[{"embeddable":true,"href":"https:\/\/uli-schwander.com\/wordpress\/index.php\/wp-json\/wp\/v2\/comments?post=196"}],"version-history":[{"count":8,"href":"https:\/\/uli-schwander.com\/wordpress\/index.php\/wp-json\/wp\/v2\/pages\/196\/revisions"}],"predecessor-version":[{"id":647,"href":"https:\/\/uli-schwander.com\/wordpress\/index.php\/wp-json\/wp\/v2\/pages\/196\/revisions\/647"}],"up":[{"embeddable":true,"href":"https:\/\/uli-schwander.com\/wordpress\/index.php\/wp-json\/wp\/v2\/pages\/1249"}],"wp:attachment":[{"href":"https:\/\/uli-schwander.com\/wordpress\/index.php\/wp-json\/wp\/v2\/media?parent=196"}],"curies":[{"name":"wp","href":"https:\/\/api.w.org\/{rel}","templated":true}]}}