{"id":77,"date":"2019-01-21T20:51:52","date_gmt":"2019-01-21T19:51:52","guid":{"rendered":"http:\/\/web19a.cmskurse.com\/www3\/?page_id=77"},"modified":"2019-04-12T16:18:02","modified_gmt":"2019-04-12T14:18:02","slug":"sueleymanpasa-tekirdag-turkey-sept-2018","status":"publish","type":"page","link":"https:\/\/uli-schwander.com\/wordpress\/index.php\/my-work\/recent-work\/sueleymanpasa-tekirdag-turkey-sept-2018\/","title":{"rendered":"S\u00fcleymanpa\u015fa, Tekirda\u011f, Turkey &#8211; Sept. 2018"},"content":{"rendered":"\n<figure class=\"wp-block-image\"><img decoding=\"async\" loading=\"lazy\" width=\"1024\" height=\"768\" src=\"https:\/\/web19a.cmskurse.com\/www3\/wp-content\/uploads\/sites\/5\/2019\/01\/THE-GRAPE-ORACLEMarmara-Marmor320x150x150cm-Suleymanpasha-Tekirdag-1024x768.jpg\" alt=\"\" class=\"wp-image-81\" srcset=\"https:\/\/uli-schwander.com\/wordpress\/wp-content\/uploads\/2019\/01\/THE-GRAPE-ORACLEMarmara-Marmor320x150x150cm-Suleymanpasha-Tekirdag-1024x768.jpg 1024w, https:\/\/uli-schwander.com\/wordpress\/wp-content\/uploads\/2019\/01\/THE-GRAPE-ORACLEMarmara-Marmor320x150x150cm-Suleymanpasha-Tekirdag-300x225.jpg 300w, https:\/\/uli-schwander.com\/wordpress\/wp-content\/uploads\/2019\/01\/THE-GRAPE-ORACLEMarmara-Marmor320x150x150cm-Suleymanpasha-Tekirdag-768x576.jpg 768w\" sizes=\"(max-width: 1024px) 100vw, 1024px\" \/><figcaption><strong>&gt;THE GRAPE ORACLE&lt; (\u00dcz\u00fcm fali)&nbsp;Marmara&nbsp;marble,&nbsp;260cm x 120cm x 120cm, S\u00fcleymanpa\u015fa City Park<\/strong><\/figcaption><\/figure>\n\n\n\n<figure class=\"wp-block-image\"><img decoding=\"async\" loading=\"lazy\" width=\"960\" height=\"1024\" src=\"https:\/\/web19a.cmskurse.com\/www3\/wp-content\/uploads\/sites\/5\/2019\/01\/20180926_112045-3-960x1024.jpg\" alt=\"\" class=\"wp-image-92\" srcset=\"https:\/\/uli-schwander.com\/wordpress\/wp-content\/uploads\/2019\/01\/20180926_112045-3-960x1024.jpg 960w, https:\/\/uli-schwander.com\/wordpress\/wp-content\/uploads\/2019\/01\/20180926_112045-3-281x300.jpg 281w, https:\/\/uli-schwander.com\/wordpress\/wp-content\/uploads\/2019\/01\/20180926_112045-3-768x819.jpg 768w\" sizes=\"(max-width: 960px) 100vw, 960px\" \/><figcaption>detail from the 12+8+4-side<\/figcaption><\/figure>\n\n\n<p>Project Description for <strong>&gt;THE GRAPE ORACLE&lt;<\/strong>: The vertical stone block will be devided into 3 cubes, resulting 12 surfaces. On every surface there will be carved a bunch of vine grapes in front of a vine leaf, starting below with a bunch of 12 grapes and loosing always one fruit in clockwise direction, analogue to pulling off the petals of a daisy, ending up at the &#8218;third floor&#8216;, when lasting only the last grape of the bunch.\u00a0 The concept for &gt;THE GRAPE ORACLE&lt; might be understood as a funny, public decision making support instrument.<\/p>","protected":false},"excerpt":{"rendered":"<p>Project Description for &gt;THE GRAPE ORACLE&lt;: The vertical stone block will be devided into 3 cubes, resulting 12 surfaces. On every surface there will be carved a bunch of vine grapes in front of a vine leaf, starting below with a bunch of 12 grapes and loosing always one fruit in clockwise direction, analogue to &hellip;<\/p>\n<p class=\"read-more\"> <a class=\"\" href=\"https:\/\/uli-schwander.com\/wordpress\/index.php\/my-work\/recent-work\/sueleymanpasa-tekirdag-turkey-sept-2018\/\"> <span class=\"screen-reader-text\">S\u00fcleymanpa\u015fa, Tekirda\u011f, Turkey &#8211; Sept. 2018<\/span> Weiterlesen &raquo;<\/a><\/p>\n","protected":false},"author":1,"featured_media":0,"parent":1249,"menu_order":2,"comment_status":"closed","ping_status":"closed","template":"","meta":{"site-sidebar-layout":"default","site-content-layout":"default","ast-site-content-layout":"","site-content-style":"default","site-sidebar-style":"default","ast-global-header-display":"","ast-banner-title-visibility":"","ast-main-header-display":"","ast-hfb-above-header-display":"","ast-hfb-below-header-display":"","ast-hfb-mobile-header-display":"","site-post-title":"","ast-breadcrumbs-content":"","ast-featured-img":"","footer-sml-layout":"","theme-transparent-header-meta":"default","adv-header-id-meta":"","stick-header-meta":"","header-above-stick-meta":"","header-main-stick-meta":"","header-below-stick-meta":"","astra-migrate-meta-layouts":"","footnotes":""},"_links":{"self":[{"href":"https:\/\/uli-schwander.com\/wordpress\/index.php\/wp-json\/wp\/v2\/pages\/77"}],"collection":[{"href":"https:\/\/uli-schwander.com\/wordpress\/index.php\/wp-json\/wp\/v2\/pages"}],"about":[{"href":"https:\/\/uli-schwander.com\/wordpress\/index.php\/wp-json\/wp\/v2\/types\/page"}],"author":[{"embeddable":true,"href":"https:\/\/uli-schwander.com\/wordpress\/index.php\/wp-json\/wp\/v2\/users\/1"}],"replies":[{"embeddable":true,"href":"https:\/\/uli-schwander.com\/wordpress\/index.php\/wp-json\/wp\/v2\/comments?post=77"}],"version-history":[{"count":2,"href":"https:\/\/uli-schwander.com\/wordpress\/index.php\/wp-json\/wp\/v2\/pages\/77\/revisions"}],"predecessor-version":[{"id":793,"href":"https:\/\/uli-schwander.com\/wordpress\/index.php\/wp-json\/wp\/v2\/pages\/77\/revisions\/793"}],"up":[{"embeddable":true,"href":"https:\/\/uli-schwander.com\/wordpress\/index.php\/wp-json\/wp\/v2\/pages\/1249"}],"wp:attachment":[{"href":"https:\/\/uli-schwander.com\/wordpress\/index.php\/wp-json\/wp\/v2\/media?parent=77"}],"curies":[{"name":"wp","href":"https:\/\/api.w.org\/{rel}","templated":true}]}}